se -3*u + 1 - 9 = -4*w, 0 = 3*u + w - 17. Suppose -u*g - 14 = -2*j, -5*g - 4*j + 0 = -2. Is ((-7885)/10)/(g/4) composite?
True
Let m(a) = 5366*a**2 - 392*a + 1163. Is m(3) prime?
True
Suppose 2*k + 2*d - 3 = 3*d, k = -2*d - 6. Suppose -3168 = -3*i - k*i. Let x = i + -717. Is x composite?
True
Let n be (-7)/(28/(-197234)) - (-2)/4. Suppose -17*i + n = -8253. Is i a composite number?
True
Suppose 4*i = -8, 4*x + i - 327 = -17. Suppose 77*s - x*s + 5951 = 0. Is s composite?
True
Suppose -t = -4, -3143795 = -3*h + t - 422580. Is h prime?
True
Let x(a) = 2114*a - 3. Let u = 58 + -49. Suppose -u*l + 7*l = -2. Is x(l) a prime number?
True
Let q = -431 + 154. Let w = -110 - q. Is w composite?
False
Let u = -7087 + 11258. Is u composite?
True
Let d be 1846/(-4)*19 + 60/(-40). Let j = d - -25071. Is j a composite number?
False
Let z be 1042*(5 + 1)/(48/396). Let h = z - 32606. Is h a composite number?
False
Suppose 4*m + 14011 = -3*o, -o + 2*m - 7*m - 4652 = 0. Let a = o + 9676. Is a a composite number?
False
Suppose 44 = 5*v + 89. Let u be ((-6)/2)/(v/32784). Suppose -2*o + 5*b = -5*o + u, 5*b = 3*o - 10918. Is o composite?
True
Let s(k) = -13*k**3 - 40*k**2 + 6*k - 1007. Is s(-54) composite?
False
Let z be 1/2 + 7/(-2). Let n = -23020 - 8695. Is n/(-25) - z - 6/10 a composite number?
True
Suppose -16*x - 78*x + 2181779 = 44313. Is x a prime number?
True
Suppose 0 = -5*o - 25, 2*o - 4822 = -f - o. Let c = f - 2570. Is c prime?
True
Suppose 3*g + 33302 = -10210. Let v = g + 24151. Is v a composite number?
True
Let u(d) = -d**3 - 9*d**2 + 19*d + 23. Let b(n) = n**2 + n + 1. Let q(m) = 3*b(m) - u(m). Suppose 92*t - 116*t = 312. Is q(t) prime?
True
Let h = 93 + -89. Suppose h*b - 4*m + 102 = -330, b + 98 = 3*m. Let g = 564 - b. Is g a prime number?
True
Let l(h) = 7*h**2 - h. Let a(n) = -n - 6. Let j be a(-5). Let x be l(j). Suppose -12*v + 2164 = -x*v. Is v a prime number?
True
Suppose 15419 = 5*p + 2*i, -2*p = -4*i - 6487 + 329. Let x = 4342 - p. Is x composite?
False
Let g = -1307649 - -1852790. Is g a composite number?
False
Let q = -22 + 14. Let j(r) = 0*r**2 - 5*r**2 - 4*r**3 - 14*r - 11 + 8*r - 2*r**2 - 13*r. Is j(q) a composite number?
False
Is 2 + 19 + (-7553936)/(-46) composite?
True
Suppose -630*s + 142649 = -617*s. Is s composite?
False
Let u(c) = 519*c**2 - 75*c - 2521. Is u(-27) prime?
False
Let c be 5/(-10)*(0 + 0). Suppose 0 = -d + 4*j - 13, 3*d + 5*j + 0*j = 29. Suppose -2*w = d*n + n - 2306, -w - n + 1155 = c. Is w composite?
True
Let p(y) = -7228*y**3 - 22*y**2 - 69*y + 16. Is p(-3) composite?
True
Let s(a) = 165*a**3 - 15*a**2 + 13*a - 70. Is s(8) composite?
True
Is 1073632/20 - 3/(-1*(-50)/10) composite?
False
Is 41986557/90 + (-57)/190 composite?
False
Let p(o) = -o**2 - 11*o + 4. Let k be p(-11). Suppose 2*r = 2*v + 3*v - 19, 0 = k*v + 5*r - 2. Suppose -10 = 2*i, -v*i + 77 = 4*c - 0*i. Is c composite?
False
Let g(h) = -45*h**2 - 30*h - 16. Let s(w) = -1. Let k(d) = -g(d) - 3*s(d). Is k(-12) a composite number?
True
Suppose 45*c - 3*f = 40*c + 468394, 4*f = -4*c + 374760. Is c composite?
False
Suppose 5*c - 3*c = 2*g - 70, -c = -2*g + 71. Suppose -385439 = -g*n + 7*n. Is n a prime number?
True
Let w(b) = 31*b**2 - 19*b + 146. Let s be w(-23). Suppose 4*f = 3*f + 4*k + 8491, -2*f + k = -s. Is f composite?
True
Let j be (6 + -4 + 4)*3/(-9). Let r be (0 + -14)*j/4. Suppose -r*i = -6*i - 199. Is i composite?
False
Suppose 85*y = 48*y - 99*y + 20875864. Is y composite?
False
Suppose -16*s - 13526 = -17*s + x, -x + 54124 = 4*s. Suppose 8*y = -s + 71794. Is y a prime number?
True
Let n be (-4)/8*-4*3. Is 4124/6*n/4 a composite number?
False
Suppose 0 = -7*k + 2*k - 4*o + 26, -5*o = k - 22. Suppose 6*j - 3*j = -6, 3*j = -k*g. Suppose g*a = -3*z + 2046 + 7794, -3*a - 2*z = -9837. Is a prime?
False
Is (((-22802)/(-6))/1)/(3 + 32/(-12)) prime?
False
Let t = 1042 - 574. Suppose 2*f - 406 = t. Is f a prime number?
False
Suppose 3*c - 38 + 5 = 0. Suppose 2 = j + c. Is (-15585)/j + 8/6 a composite number?
False
Let q be ((-2)/(-4))/(27/3726). Let t = q - 66. Let z(l) = 29*l**2 + 5*l + 2. Is z(t) prime?
False
Suppose -4*m - 8 = 0, 15*b + 3*m = 13*b - 2. Is 1549353/182 - b/(-28) prime?
True
Let n(q) = 2*q**2 + 3*q + 1. Let f be n(-2). Let h(r) = -83*r**2 - r + 199*r**3 + 84*r**2 + 1 + 48*r**f + 21*r**3. Is h(1) a composite number?
False
Suppose -48*u + 43*u + 63395 = 0. Suppose 14*s - 7467 = u. Is s prime?
True
Let u = -11086 - -6171. Let l = -3438 - u. Is l a composite number?
True
Suppose -3*k + 207 + 132 = 0. Suppose 0 = -2*z + z + k. Let g = 432 - z. Is g a prime number?
False
Let k = 3967 - 2801. Suppose -4*w - k = -2*c, -5*c + 11*w + 2933 = 10*w. Is c composite?
False
Let u be -4 + (4 - 0) - 4. Let i = 6 + u. Suppose i*t = -p + 419, 3*t + 0*p = 5*p + 648. Is t prime?
True
Let k = -85 + 121. Let f be (1*-2)/(-2) + (38 - k). Suppose 0 = -f*c - 2*c + 1055. Is c a composite number?
False
Let c(z) = 31*z**2. Let n be c(-2). Suppose p + 4*t + n = -3*p, -t - 95 = 3*p. Is ((-48)/p)/((-6)/(-508)) prime?
True
Suppose 8*y = 11 - 35. Is (15/9 - y)*(-30921)/(-22) prime?
False
Suppose -5*u = l - 410574 - 288417, -4*u + 4*l = -559188. Is u prime?
False
Is (-765)/306 - (-6)/2 - (-17925)/2 prime?
True
Let a = 208 + -201. Suppose -a*r = -3560 - 18875. Is r prime?
False
Let n = -54 - -28. Let t be 13/n + 1 + (-7)/(-2). Suppose -5*z = 2*y - 9825, -t*z + 5*z + 2*y = 1957. Is z prime?
False
Suppose -7*a = -13*a + 12. Suppose -34 = -3*c - l, 0*c - 5*l - 34 = -a*c. Is -1 + 2019/9 + (-4)/c a prime number?
True
Suppose 2*z - z - 10 = -3*b, 5*z - 10 = -5*b. Suppose -n + 2*n = 4*d + 581, 0 = b*n - 5*d - 2335. Let o = n - -532. Is o composite?
False
Let v be (-427)/21 + 15/(-9) + 2. Let p = v - -22. Suppose -155 = -5*i + p*t + 3*t, -4*i + 5*t = -121. Is i prime?
False
Suppose -4*d + 2*a = 3*a - 4184, -3*d = 3*a - 3129. Let p = 575 + 474. Suppose -i + p = 5*z, i + 4*z - d = -0*z. Is i prime?
True
Suppose 4*h + 2*j + 4204 = -h, -3*j = -5*h - 4194. Let f = h - -1991. Is (f/(-4))/(6/(-24) + 0) a prime number?
True
Is (-2)/(-3) - (-55)/132*(3 + 820409) prime?
True
Let g be 0*(4*(-6)/(-16) - 1). Let c(a) = a**3 + 10*a**2 - a - 7. Let n be c(-10). Suppose g = -n*k - 9, -x - 2*x + 4*k = -351. Is x a prime number?
True
Let k = -31816 + 82797. Is k a prime number?
False
Let b = -144 - -112. Is (5 + b/6)/(2/(-5844)) composite?
True
Is 6/27 + 4335993/81 + 12 prime?
False
Let y(x) be the first derivative of 14/3*x**3 - 10 - 1/2*x**2 + 1/4*x**4 + 29*x. Is y(-13) a composite number?
False
Let p be (-56 - -59)/(1/601). Is p + (8 - 0/9) composite?
False
Let f = 11 - 6. Let d(t) = 7*t**2 - 16*t + 18. Let v(a) = -13*a**2 + 33*a - 40. Let i(o) = 7*d(o) + 3*v(o). Is i(f) a prime number?
True
Let h(c) = c**3 + 80*c**2 + 244*c - 1876. Is h(75) a prime number?
False
Let a = -9635 + 6604. Let m = 597 + a. Let h = -1035 - m. Is h composite?
False
Suppose -q - 1 + 23 = 0. Suppose -q*j = -15*j + 20657. Is j/(-3) - -2*(-6)/18 prime?
True
Suppose -2*p + 2*a - 9800 = -0*p, 2 = -a. Let w be 0 - (p/2)/(-3). Let n = -486 - w. Is n prime?
True
Let f(y) be the third derivative of y**6/120 - 19*y**5/60 - y**4/6 + 49*y**3/6 - 4*y**2 - 7. Is f(24) a composite number?
False
Let k(h) = -19013*h**3 - 4*h**2 + 2*h + 4. Suppose 0*c - 6 = 6*c. Is k(c) a composite number?
True
Let u = -147167 + 206726. Is u prime?
False
Suppose 3*v - 2*t = -16, 35 = -3*v - 2*v + 5*t. Let w be (4 - v) + -7 + 4. Suppose 0 = 2*b + 5*y - 1408, -y - w*y = 2*b - 1410. Is b a prime number?
True
Let t(p) = p**3 + 34*p**2 - 25*p + 13. Let b be (1/5)/(7/(-35)) - 26. Is t(b) composite?
False
Let w(m) = -129*m**3 + 5*m**2 - 31*m + 43. Is w(-8) a prime number?
False
Let p(m) = m + 5. Let t(v) = -1. Let u(g) = 3*p(g) - 15*t(g). Let k be u(-12). Is 6/(-9) - 718/k prime?
False
Suppose 2*c - 4*n - 20908 = 0, 8*c - 6*c - 20912 = 2*n. Suppose -c = -6*l + 840. Is l a prime number?
False
Let x be (132/9 - 2)/((-2)/852). Let m = -3510 - x. Suppose 0 = -0*v - 2*v + m. Is v a prime number?
False
Suppose 0 = -29*l + 11*l + 756. Is 122922/l + (-26)/(-91) composite?
False
Suppose 4*i - 28173 = 403135. Is i a prime number?
True
Suppose 482 - 210 = 8*v. Is 2191336/v - (-38)/(-646) a prime number?
True
Let i(w) be the second derivative of 70*w**3/3 + w**2/2 - 